pose 121*y + 210 = 163*y. Calculate r(y).
-7
Let j(d) be the second derivative of -d**5/5 + d**4/4 + d**3/6 - d**2 + 12*d. Let k(f) = f**2 + f - 1. Let w(l) = j(l) - k(l). Calculate w(-1).
5
Suppose -6 = -2*a - 0. Let h = 5 - a. Let l(c) = -4*c**3 + 7*c**2 - c + 5. Let r(b) = 7*b**3 - 13*b**2 + 3*b - 9. Let k(t) = -5*l(t) - 3*r(t). Give k(h).
2
Let x(y) = -5*y**2 - 7*y + 20. Let u(d) = 11*d**2 + 15*d - 42. Let b(n) = -6*u(n) - 13*x(n). Give b(0).
-8
Let n(i) = -4 - 8*i - 4 + 0 - i**2. Suppose v + 18 = -4*f, 5*v = -7*f + 8*f - 27. Determine n(v).
4
Let b = 665 - 659. Let w(f) = -f**2 + 8*f - 5. Determine w(b).
7
Let z(m) = 6*m**2 + m. Suppose 2*d - 23 = -5*f, -6*f + 7*f + 5*d = 0. Suppose 7*s - 3*s + 2 = -2*c, f*c + 5 = 4*s. Determine z(c).
5
Suppose 0*y + 12 = -5*a - 4*y, -5*a + 6 = -2*y. Suppose -s = -t, -4*t + 1 = -2*s - 3. Let q(d) = -d - d**3 + 6 - 1 + d**2 + t + 4. What is q(a)?
11
Let j(c) = -c**3 + 1. Let x(f) = -4*f**3 - 6*f**2 - 3*f - 6. Suppose 4*d + 3 + 9 = -5*u, -4*d = -3*u + 12. Let n(h) = d*j(h) + x(h). Give n(-6).
9
Let s = -928 + 940. Let q(u) = u - 7. What is q(s)?
5
Suppose 2*d = 7*d - x - 3, 0 = 4*d - 4*x + 4. Let q(s) = -10*s**3 - 2 + 2*s + 0*s**2 + d - s**3 - s**2. Calculate q(1).
-11
Let q(t) be the third derivative of -t**6/12 + t**5/60 + t**2. Let n(g) = -g**2 + 107*g - 1869. Let j be n(85). Calculate q(j).
-9
Let b(n) = -n - 8. Let i(m) = 2 - 5 + m - 14 - 3*m. Let d(a) = -7*b(a) + 3*i(a). Calculate d(-8).
-3
Let y(i) = 2*i**3 + i**2 - 4*i + 0*i**3 + 3 - 3*i**3. Let j(x) = x**2 + x - 4. Suppose -u = -2, -8 = 3*t - t - u. Let a be j(t). Calculate y(a).
-9
Let u(h) = -7*h. Let o(i) = -6*i**2 - 33*i + 5. Let s be o(-5). Let y(d) = -48*d. Let v(a) = s*u(a) - 3*y(a). Suppose 0 = 4*b + 3 + 1. What is v(b)?
-4
Let q(r) = -5*r + 27. Let z(t) = 2*t - 14. Let u(n) = 4*q(n) + 9*z(n). What is u(-6)?
-6
Let w(a) = 7*a + 13. Let v(n) = n - 15. Let s be v(13). Let r be (-6)/s - (-6)/3. Let g(d) = 3*d + 7. Let k(h) = r*g(h) - 2*w(h). Give k(0).
9
Let b(v) = v**2 + 10*v**2 - 12*v**2 + 22 + 16*v. Let i be b(17). Let q(k) = -18*k - k**3 + 13*k + 3 + 7*k - i*k**2. Calculate q(-5).
-7
Suppose -190*t = -186*t - 12. Let a(r) = -r**2 - 5 + 3 + 0*r**3 - 12*r**t + 1 + 2*r. What is a(1)?
-12
Let r(p) = -4*p - 2. Let q be r(-12). Suppose 3*j = 10 - q. Let v(k) = k**2 + 10*k - 17. Let z be v(j). Let f(l) = l - 1. What is f(z)?
6
Let k = -329 + 320. Let m(y) = y**2 + 14*y + 12. What is m(k)?
-33
Let x = -8 - 2. Let b = -7 - x. Let n(p) be the second derivative of p**5/20 - p**4/4 + p**3/2 - p**2 - p. What is n(b)?
7
Let r(l) be the second derivative of -l**6/120 + l**5/15 + l**4/8 + 5*l**3/6 + 2*l**2 - 8*l. Let u(j) be the first derivative of r(j). Give u(4).
17
Suppose 7 + 3 = -2*v. Let z = 26 + -20. Let f(b) = b**2 + z*b - 2*b + 3 + 4. Calculate f(v).
12
Let y(s) = -7*s**2 + 2*s - 2. Let t(r) = -6*r + 19. Let v be t(3). Let b be y(v). Let q(n) = n + 4. Calculate q(b).
-3
Suppose 4*w + w = f - 18, f - 2*w = 9. Suppose 0 = -8*x + f*x - 2*o + 79, -5*o = -x + 5. Let k(p) = 6*p + 411*p**2 - x*p + 6 - 410*p**2. Calculate k(6).
-12
Let z(b) = 7*b**2 + 13*b - 7. Let k(t) = -4*t**2 - 7*t + 4. Let l(s) = 5*k(s) + 3*z(s). Suppose 181 = -82*o - 25*o - 354. Calculate l(o).
4
Let i(x) = 21 - 3*x + 0*x + 2*x - 17 + 22. What is i(0)?
26
Let l(p) = p - 12. Let b(v) = -11*v**3 - 4 - 7*v + 2*v - 5*v**2 + 10*v**3. Let t be b(-4). Suppose -r + 7*r = t. Determine l(r).
-12
Let h = 19 + -19. Suppose h = -l + 7 - 2. Suppose -2*n - l = -7. Let w(v) = 8*v**3 - v. Give w(n).
7
Suppose -10*m + 67 = 47. Let y(b) = b**3 + 6*b**2 + 4*b - 3. Let k be y(-5). Let r(a) = -3*a**3 + 4*a**3 - 6*a + 5*a**2 + 2*a + 1 - m*a**k. Determine r(-3).
13
Let d(m) = 2*m**3 - 2*m**2 - m + 2. Let p = 179 + -177. Calculate d(p).
8
Suppose 189 - 108 = -9*c. Let p(m) = 3*m - 1. Determine p(c).
-28
Let b(g) be the first derivative of -2*g**3/3 + 15*g**2/2 - 13*g + 12. Let z(w) = -w**2 + 8*w - 7. Let h(u) = -3*b(u) + 5*z(u). What is h(5)?
4
Let m(x) = -x**3 - x**2 + 11*x - 2. Let q be m(-4). Let i(c) = -c**3 + 2*c - 5 + 6 + q*c**2 - 6*c**2. Determine i(-4).
-7
Let m be (-1 - -4) + 16 + 3. Let c be (11/m)/((-2)/(-4)). Let x(z) = -3*z - c + 3*z - 1 + 2*z. Calculate x(2).
2
Suppose 8 = -6*z + 4*z, -h + 2*z - 6 = 0. Let b(j) = j**3 + 13*j**2 - 13*j + 4. Give b(h).
-10
Let s(w) = w**3 + 16*w**2 - 25*w - 34. Let p be s(-17). Let r = p - 98. Let z(a) = a**3 - 7*a**2 + 5*a + 3. Calculate z(r).
-25
Let l(s) be the third derivative of s**5/60 + 5*s**4/12 + 2*s**3 + 64*s**2. Give l(-8).
-4
Let d(m) be the second derivative of -m**5/2 + m**2/2 + 3*m. Suppose -5*i + 39 = 4*k - 10*i, -4*i - 29 = -3*k. Let j = k - 12. Determine d(j).
11
Let z(p) = 3*p - 1. Let i(q) = -3*q + 1. Let s(y) = 6*i(y) + 5*z(y). Let x(b) = 5*b - 3. Let v(j) = -7*s(j) - 4*x(j). Determine v(-4).
1
Let z = 1416 + -1414. Let j(o) = 14*o**2 + 3*o - 3. Determine j(z).
59
Let f(y) be the first derivative of 11/3*y**3 + 11/2*y**2 + 20 + 1/4*y**4 + 9*y. Determine f(-10).
-1
Let w(g) = 0*g**3 + g - g**3 + 8*g**2 - 7*g - 4. Suppose -39*c + 35*c + 20 = 0. Let m be (28/10)/(2/c). Calculate w(m).
3
Let r(f) = f + 2. Let p be 2*(42 - (4 - 8)) - 4. Let i = p + -92. Determine r(i).
-2
Let m = -64 + 68. Suppose -m*r = -1 - 23. Let f(a) = -a + 6. Calculate f(r).
0
Suppose -5*b = -0*b. Suppose 2*r + 8 = b, -5*y + 23 = -4*r - 13. Let m(l) = -y*l - 5 + 3 + l + 4*l. What is m(5)?
3
Let m(z) = -z + 12. Let c be -8*(-2 + 4 + -4). Determine m(c).
-4
Let b(d) = -6*d + 2. Let w(g) = 13*g - 6. Let q(h) = -7*b(h) - 3*w(h). Give q(3).
13
Let l(q) = -q - 1. Let p(z) = -2*z - 10. Let k(x) = -3*l(x) + p(x). Let d(m) = -7 + 7*m**2 - 2*m**3 - 5*m + m**3 + m. Let v be d(6). Give k(v).
-2
Let k(r) = r**2 + 5*r. Let g be 15*(-1)/((-20)/(-8)). Determine k(g).
6
Let c(n) = -n**3 - 5*n**2 - n + 2. Let p(q) = 36*q - 6. Let m be p(1). Suppose -5*v - v = m. Calculate c(v).
7
Let b = -19 - -31. Let u = b - 8. Let h(a) = -2*a**2 - 7*a**3 - 5*a**2 + 5 + 8*a**3 + 4*a**2 - 2*a. What is h(u)?
13
Suppose 4*o - 49 - 51 = 0. Suppose 0 = -4*v - v - o. Let m(r) = -r**3 - 4*r**2 + 4*r - 2. Determine m(v).
3
Let z(v) = v**3 + 3*v**2 - 6*v + 6. Let s be z(3). Let n = 46 - s. Let h(a) = 2*a - 5. Determine h(n).
3
Let o(h) = -h**2 + 9*h - 9. Suppose t = -3*f + 24, -5*f - 2 = 2*t - 43. Calculate o(f).
5
Suppose 0 = 7*d - 4*d. Let a(j) = -2*j + j + 0 - 11 + d*j. Calculate a(-6).
-5
Let t(f) = -1 + 4 + 0*f + 2*f - 12. Let z be t(8). Suppose 9 = 2*u + u, -k = u - z. Let q(i) = i**3 - 5*i**2 + 5*i + 2. Determine q(k).
6
Let a(p) = -p**3 - 11*p**2 - 10*p - 2. Suppose -4*q + 7*d = 3 + 2, 0 = -2*q + 5*d + 5. Determine a(q).
-2
Let h(d) = d**2 - 11*d + 20. Suppose -3*p + 9*x - 14*x + 8 = 0, -3*p - 3*x + 12 = 0. Determine h(p).
-10
Suppose -4*o - 2*i = -o + 9, 0 = -5*i. Let c(t) = t**2 - 2*t + 3. Determine c(o).
18
Let r(a) be the first derivative of -a**3/3 + 3*a**2 + 6*a + 37. Determine r(6).
6
Let y(z) be the second derivative of -5*z**3/6 - 4*z**2 + 69*z. What is y(-4)?
12
Let d(v) = -v**2 + 7*v - 7. Suppose t = -1 + 7. Let b = t - 2. Suppose 0*l = b*k + 4*l - 24, -k = 4*l - 9. Give d(k).
3
Let a(r) = 4*r - 9 - 9*r + 1 + 6*r. Determine a(-8).
-16
Suppose -4*x - 12 = -5*i, -2*i - 4 = -12. Suppose x = -3*j + 5*j. Let s(v) = -v. What is s(j)?
-1
Let x be 2/(2/(-7))*88/(-56). Let l(r) = -r**3 + 11*r**2 + 5*r - 6. Determine l(x).
49
Let s(i) = i**3 - i**2 + i - 1. Let x be s(0). Let z(d) = -3*d - 5. Let k(f) = -4 - 12*f + f + f - 12. Let a(g) = -5*k(g) + 16*z(g). Give a(x).
-2
Let x(r) be the second derivative of -1/6*r**3 - 19*r - 9/2*r**2 + 0. Give x(-4).
-5
Let w = -71 + 71. Suppose -6*j - 11 - 13 = w. Let t(k) = -k**2 - 4*k - 1. Give t(j).
-1
Let q(b) = -b**2 - 7*b - 8. Let n be 27/9 - (2 - -83). Let p = -88 - n. What is q(p)?
-2
Let r(j) = -j**3 - 6*j**2 - 7*j - 3. Let n be r(-6). Let b = n - 10. Let m = 36 - b. Let i(k) = -k**3 + 8*k**2 - 7*k - 5. What is i(m)?
-5
Let g(q) = 6*q + 5. Let r(s) be the first derivative of s**2/2 + s + 15. Let u(h) = -2*g(h) + 11*r(h). Determine u(6).
-5
Let z(r) be the second derivative of 2*r**3/3 + r**2/2 - r. Let c be z(1). Let w(h) = 21*h - 27*h + h**2 - 4 + 13 + 1 - 6. Calculate w(c).
-1
Let l(i) be the third derivative of -i**4/12 - i**3/2 - 12*i**2 + 3*i. Calculat